 - u. What is the units digit of r?
1
What is the units digit of (765 + -8)/(7 + -6)?
7
Suppose 3*i - 92859 = -36*i. What is the thousands digit of i?
2
Let l = -89 - -178. What is the tens digit of l?
8
Let h be 4/(-18) - 4/(-18). Suppose j - 2*j + 64 = h. Let z = -14 + j. What is the units digit of z?
0
Suppose -76*r - 153297 = -398777. What is the tens digit of r?
3
Suppose 4*s = 2*x + 10, -3*s + 5 = -2*x - 1. Suppose 7*y = x*y + 508. Suppose -c - 78 = -p, -5*c = 4*p + y - 394. What is the tens digit of p?
7
Let t(j) = -j**2 - 9*j - 9. Let d be t(-6). Let b = -6 + d. Suppose -i + 20 = 4*g, b*g + 2*i = 4*i + 4. What is the units digit of g?
4
Let n be ((-12)/10)/(2/5). Let s be 3 - (n + 8) - -5. What is the units digit of (-11*2)/(s - 5)?
1
Let z(q) = q**2 + 2*q + 13. Let n be z(-7). What is the tens digit of 45/30*n/(1 + 0)?
7
Suppose 0*q = 5*q - 1180. What is the tens digit of q?
3
Let p(c) = -c**2 - 14*c - 14*c + 173 + 29*c. Let b be p(0). Suppose -101 = -4*w + 2*g + 77, -3*g + b = 4*w. What is the tens digit of w?
4
Let x = -7 + 3. Let i(s) = -3*s - 10. Let r be i(x). Suppose -r*a + 2*o = o - 96, -58 = -a - 2*o. What is the units digit of a?
0
Suppose 67*d - 63*d = -v + 4793, 5*v - 5*d = 24040. What is the units digit of v?
5
Let v = -131 + 89. Suppose -4*f = -2*t - 2*t + 256, 25 = -5*f. Let r = t + v. What is the units digit of r?
7
Let x be (28/6)/(-7)*-6. Let b = x + 2. Suppose 25 = t - b*t, 0 = 5*v - 4*t - 215. What is the units digit of v?
9
Let f(q) = -64*q - 30. Let m be f(-5). Suppose 78 - m = -2*a. What is the units digit of a?
6
What is the units digit of (1326/18 - -5)*12/8?
8
Let s = -53 - -50. What is the tens digit of 1 + 60 - (-12)/s?
5
Suppose -2*f = f - 21. Let g = f + -5. Suppose i + 2*z - 16 = 0, -g*i - z - 41 = -5*i. What is the tens digit of i?
1
Let d(m) = -m**3 - 9*m**2 + 3. Let l be d(-6). What is the hundreds digit of (17 - (2 - 1))*l/(-14)?
1
Let a(g) = -11*g - 1 - 5*g**2 + 6*g**3 + 10*g + 4*g + g**2. What is the hundreds digit of a(3)?
1
Let c = -24 - -15. Let v = -5 - c. Suppose 1 = -l - 1, v*f + 4*l - 108 = 0. What is the units digit of f?
9
Suppose -4*t = 4*l - 76, -2*l + t + 0*t + 32 = 0. Suppose -l*j + 14*j + 354 = 0. What is the tens digit of j?
1
Let f(v) = -17*v**3 - v - 1. Let p be f(-1). Suppose 18*x = p*x - 3. Let n = -1 - x. What is the units digit of n?
2
Let j be (-3)/(58/(-14) + 4). Suppose 4*u = 4*t - j - 35, t - 32 = 3*u. Let g = u - -28. What is the units digit of g?
9
Let s(i) = 5*i**2 + 5*i - 4. Let y be s(-3). Let p = 29 - y. Let u = 6 - p. What is the units digit of u?
3
Let i = 6 - -7. Suppose 2*v + 39 = -i. What is the units digit of 2 - v/(3 + -1)?
5
Let m = 115 - 23. What is the tens digit of m?
9
Let v = -96 - -214. Let l be v + -2*(-3)/(-2). Suppose -l - 44 = -3*h. What is the tens digit of h?
5
Let c(a) be the first derivative of a**6/360 - a**5/30 - a**4/4 + 8*a**3/3 + 3. Let o(v) be the third derivative of c(v). What is the tens digit of o(8)?
2
Let f(p) = -410*p + 123. What is the units digit of f(-1)?
3
Let w be 7 - -4*(-1)/(-4). Let n be -2 + 1 - (-1 + 1). Let i = w - n. What is the units digit of i?
9
Suppose 0 = 6*s + 2*s - 10120. What is the thousands digit of s?
1
Let n be (-14)/21 - (-64)/6. Let d be (10/3)/(n/210). Suppose 2*p - f = 45, -3*p + f = -0*f - d. What is the tens digit of p?
2
What is the hundreds digit of -8*(52/16 - 3) - -479?
4
What is the tens digit of 40 - -658 - 1*-1?
9
Let q = -24 + 41. Let r = q - 15. Suppose -l - v = r*v - 14, 0 = 3*l + 2*v - 35. What is the tens digit of l?
1
Let d = 1527 - 1063. What is the hundreds digit of d?
4
Suppose -7*q + 37184 = -6888. What is the thousands digit of q?
6
Suppose 23144 = -107*s + 115*s. What is the tens digit of s?
9
Let y = 122 + -140. Let x(a) = 39*a**3 - a. Let d be x(-1). Let b = y - d. What is the tens digit of b?
2
Let u(h) be the third derivative of -h**6/120 + h**5/15 + h**4/4 + 5*h**3/6 + 5*h**2. What is the tens digit of u(5)?
1
Let j(v) = v**2 + v + 1. Let u be j(1). Suppose 0 = -0*m - u*m. Suppose 2*l + 18 - 86 = m. What is the tens digit of l?
3
Let t(k) = 57*k - 2. What is the units digit of t(12)?
2
Let d(m) = -6*m - 67. What is the units digit of d(-33)?
1
What is the units digit of (66 - 3) + -9 + 1?
5
What is the units digit of ((-39996)/(-16))/9 + 6/(-8)?
7
Suppose -1077 = -4*r - 277. Suppose 0 = -5*d - 4*z + r, -2*z + 10 = d - 30. What is the units digit of d?
0
Suppose -u + 1 = -0. What is the units digit of 53/(-4 + u - -4)?
3
Let w(o) = -o**3 - 5*o**2 + 15*o + 9. Let n be w(-7). What is the units digit of (4 + -3)*n*19?
8
Let o(v) = 3*v**2 - 2*v - 9. Let l be o(-5). Suppose -4*a + l = -120. What is the tens digit of a?
4
Suppose -3*i - 2*i + 5 = 0, 2*s = -i - 5. Let d be -1 - (-6 + (s - -6)). Suppose 31 = 4*l + 3*t, l + d*t + 6 = 5*l. What is the units digit of l?
4
Suppose -5 = 5*y - v, -3*y + v = -v + 3. What is the units digit of y + 2 + (-138)/(-4 + 1)?
7
Let c(j) = j**2 + 20*j - 25. Let u be c(-20). Let l = u + 105. Suppose 4 = -2*t, l = 2*n - 0*t + t. What is the tens digit of n?
4
Suppose -140 = -0*r - 2*r. Suppose 0*w + 5*w = r. Suppose 11 + w = l. What is the tens digit of l?
2
Suppose -c + q + q + 63 = 0, 0 = -c - 3*q + 88. Let j = 95 - c. What is the tens digit of j?
2
Suppose 365 = -5*c + 5*k, -5*k - 34 + 171 = -2*c. Let s = 6 - c. What is the tens digit of s?
8
Let u(g) = g**3 + 27*g**2 - 40*g + 62. What is the hundreds digit of u(-22)?
3
Let r(f) be the second derivative of -f**5/20 + f**4/4 + f**3/6 + f**2 + f. Let c be r(3). Suppose c*t - 3*t - 14 = 0. What is the units digit of t?
7
Let d(t) = 2*t**2 - 37*t + 378. What is the hundreds digit of d(18)?
3
Let h be ((-6)/(-4))/(2/4). Suppose n = -n + 3*x + 6, h*x = 3*n - 6. Suppose n = -6*m + 8*m - 22. What is the units digit of m?
1
Let l(h) = 85*h - 17. Let x(q) = -q. Let m(k) = -l(k) - 2*x(k). What is the tens digit of m(-2)?
8
Let h(y) = 391*y + 462. What is the tens digit of h(3)?
3
Let y(k) be the second derivative of -205*k**3/6 - 3*k**2/2 - 7*k - 4. What is the units digit of y(-1)?
2
Let x = -21 - -20. Let o be x - (-104 + 1 + 4). Suppose -5*v - o = -2*y, v - 6*v + 315 = 5*y. What is the units digit of y?
9
Let u(v) = -v**3 + 4*v**2 - 3. Let o be u(5). Let i be (o/6)/((-6)/9). Suppose -3*t + 87 = -i*w + 3*w, -5*t - w + 122 = 0. What is the units digit of t?
5
Suppose -2*p + 6*p = f - 42, f - 2*p = 48. Suppose 3*s - 5*s = -f. What is the tens digit of s?
2
Let k(p) = -p**2 - 4*p + 6. Let n be -1 + -6 - (4 + -5). Let s be k(n). Let m = -4 - s. What is the units digit of m?
2
Suppose 4*y = 0, -2*x - 3*y + 3 = -1. Suppose -4*l - m + 68 = 0, 0 = -l + x*m - 7*m - 2. What is the units digit of l?
8
Let d = -1 - 19. Let l = 23 + d. What is the units digit of l?
3
Suppose 2*a - 1004 = 200. What is the tens digit of a?
0
Suppose 0 = 2*n + 2, 4*y - 7 = 2*y - 3*n. Suppose -29 + 139 = y*s. What is the tens digit of s?
2
Suppose p - 5*a - 2 = 1, -3*p + 28 = 4*a. Suppose -w = w - p. Suppose -u = -5*f + 55, w*u = 4*f + 5*u - 35. What is the units digit of f?
0
Let t(f) = 16*f**2 + 12*f - 15. What is the units digit of t(10)?
5
Suppose 285 + 163 = 14*k. What is the units digit of k?
2
Suppose -y + 24 + 19 = 0. Let u = y + -29. What is the units digit of 1*-4 - (0 - u)?
0
Suppose 9*s - 12*s = 0. Suppose -q = -s*q. What is the tens digit of 1 + (q - -3 - -6)?
1
Let f = 8501 - 5710. What is the units digit of f?
1
Let b = -129 + 1631. What is the units digit of b?
2
Suppose 39 - 489 = -5*j. Suppose -5*l + j = -0*l. What is the units digit of l?
8
Let j = -82 + 72. What is the units digit of (-2)/j - (-6783)/35?
4
What is the hundreds digit of (-4670)/(-35) - 8/(-14)?
1
Let o(p) = 17*p**2 + 8*p - 8. What is the tens digit of o(12)?
3
Let b = -64 - -44. What is the units digit of b*2/((-16)/44)?
0
Suppose 0 = -47*w + 8778 - 647. What is the units digit of w?
3
Suppose 4*c + 0*c = 0. Suppose -12*j - j + 559 = c. What is the units digit of j?
3
Suppose 0*o - 7*o = -427. What is the units digit of o?
1
Suppose 0*q = 3*q + 9, -3*g + q = 3. What is the units digit of 7/(7/g) + 19?
7
Let i = 1086 - 707. What is the hundreds digit of i?
3
Let a = -52 - -34. What is the units digit of (8/a)/((-34)/153)?
2
Suppose 46*b - 270 = 41*b. Suppose 0